0 = -5*a - 4*d - 259. Let g = a + 50. Calculate m(g).
22
Let o(i) = i + 3. Let u = 126 + -122. Suppose 4*c - u*n = 20, 3*n = -5*c + 2*c + 27. What is o(c)?
10
Let t(y) = -y**3 - 11*y**2 + 10*y - 10. Suppose -m = -80*m - 948. Give t(m).
14
Let a(l) = -l**3 + 7*l**2 + l - 10. Let m be a(7). Let n be -2 - -4 - (0 + -4 + 4). Let f(i) = -3*i**2 - 19 + 19 + 4*i**n. What is f(m)?
9
Let l(d) = -2*d**3 + 6*d**2 - 2*d + 8. Let t = -6024 - -6028. Calculate l(t).
-32
Let q(o) = -o**3 - 6*o**2 + 2*o + 4. Let n(m) = -m**2 + 9*m + 17. Let u be n(-2). What is q(u)?
-31
Let w be (-5)/6*(-114)/(-285)*-9. Let l(z) be the second derivative of 0 - 5/2*z**2 - z**w + 26*z + 1/12*z**4. Calculate l(6).
-5
Let t be (4/(-8)*3)/((-5)/(-10)) + -1. Let n(l) = -2*l**2 + l - 6. Calculate n(t).
-42
Let b(n) = -46*n - 55 + 28 + 29 + 45*n. Give b(-1).
3
Let y(c) be the second derivative of c**4/4 + 2*c**3/3 + 6*c**2 - 2648*c. Determine y(5).
107
Let g(z) = 10*z**2 - 6*z + 7. Let k(u) = -24*u**2 + 13*u - 15. Let t(x) = -7*g(x) - 3*k(x). Give t(6).
86
Suppose -3*x - 5*i = 16, 10*i - 27 = 4*x + 11*i. Let w(g) = -8*g - 16. What is w(x)?
40
Let k(i) = -i**3 + i - 3. Let h(j) = 5*j**3 + 59*j**2 - 174*j + 19. Let o(c) = h(c) + 6*k(c). Give o(56).
1
Let l(c) = c**3 + 15*c**2 - 16*c - 13. Let t be (-66)/4 + (-75)/750 + (-9)/(-15). Determine l(t).
-13
Let u(x) = -x**3 + x + 2. Let z(q) = q**3 - 19*q**2 + 17*q + 15. Let c be z(18). Let b(s) = 4*s**2 + s. Let g be b(c). Let m = 31 - g. What is u(m)?
8
Let f(p) = p**2 - 26*p + 145. Let j(b) = -b**2 + 25*b - 147. Let h(k) = 5*f(k) + 4*j(k). Calculate h(6).
-7
Let h(n) be the first derivative of 1 + n**2 - 2 + 5*n + 2. Let y = 9806 + -9810. Calculate h(y).
-3
Let v = -446 - -238. Let i = v - -204. Let o(w) = -2*w - 6. Determine o(i).
2
Let u(l) = -13*l**3 + 14*l**2 + 14*l - 29. Let n(x) = -59*x**3 + 56*x**2 + 57*x - 116. Let b(z) = -2*n(z) + 9*u(z). Calculate b(-13).
-16
Let j(x) = x**3 - 15*x**2 + 8*x + 71. Let a be ((-4)/(-34))/(3/357). Calculate j(a).
-13
Suppose p + 6 + 1 = 2*j, j = 3*p + 6. Let a(v) = -8*v + 1. Let g be a(p). Let t(d) = 2*d - g*d + 6*d - 2. Determine t(-2).
0
Let o(x) = -11*x - 5. Let s(h) = -5*h - 5. Let t(l) = -o(l) + 2*s(l). Calculate t(4).
-1
Let v(i) be the first derivative of i**4/4 - 17*i**3 + 189*i**2/2 - 41*i + 5060. Determine v(47).
6
Let c(d) = d + 39 + 7*d**2 - 105 + 16*d**2 - 22*d**2 + 29 + 35. Let k be ((-3)/4)/(2/8). Let o be (k/2)/(9/12). Give c(o).
0
Let c(u) = 4*u**3 + 4*u**2 - 3*u - 27. Let f(p) = -3*p**3 - 3*p**2 + 2*p + 22. Let r(a) = 4*c(a) + 5*f(a). What is r(0)?
2
Suppose -u + 2*w - 5 = 0, 3*w - 10 = -2*u + 2*w. Let k(l) = -4*l**2 - 29153 + u*l**2 + 2*l**3 + 29153 + 2*l. What is k(-2)?
-24
Let q(p) = -5*p - 62 + 32 + 15. Let c(g) = 13*g + 33. Let n(x) = -3*c(x) - 7*q(x). Give n(-5).
26
Let z(m) = m**3 - 8*m**2 + 5*m + 5. Let d(r) = 136*r + 688. Let k be d(-5). Give z(k).
45
Let a(d) = 82*d - 250. Let h be -15 + -2 + 4 - (-962 + 946). Give a(h).
-4
Let r(w) be the second derivative of w**3/3 - w**2 + 408*w. Calculate r(1).
0
Let l(h) = -h**3 - 4*h**2 - 9*h - 6. Suppose -258 = 39*b + 47*b. Calculate l(b).
12
Let y(n) = 5*n**3 + 45*n**2 - 57*n + 34. Let h(z) = z**3 + 11*z**2 - 14*z + 7. Let d(p) = 9*h(p) - 2*y(p). Calculate d(8).
-37
Let x(t) = -t**2 + 3*t. Let r(f) = -89*f**2 - 9*f - 1. Let a(m) = r(m) + 3*x(m). Calculate a(-1).
-93
Let x(y) = -y**2 - 6*y + 12. Let p be 1 + 38 + 96/16. Suppose 126*l - 131*l - p = 0. What is x(l)?
-15
Let w be (4/10)/((-15)/(-75)). Let i(j) = 14*j**2 + 18*j**w + j - 29*j**2. Determine i(-1).
2
Let t(z) = -z - 1. Let l be t(-1). Suppose 5*i + s = 25, 2*s - 15 = -i - 19. Let r(h) = -6 - 2 - 5*h**2 - h**3 + l - h + i*h. What is r(-6)?
-2
Let a(k) = k**2 + 7*k - 17. Let y = 5961 - 5967. Calculate a(y).
-23
Let x(o) = -9*o**3 - 8*o**2 + 21*o - 16. Let b(q) = -2*q**3 + 9*q - 2. Let w(m) = -4*b(m) + x(m). Give w(-5).
-8
Let z be ((-10)/30)/(-2*(-1)/(-12)). Let b(k) = -k**2 + 12*k**z - k**3 - 56*k + 68*k - 3. Determine b(12).
-3
Let m(d) = -983*d + 2940. Let l be m(3). Let t(c) be the third derivative of c**6/120 + 2*c**5/15 - 5*c**4/12 + 2*c**3/3 - c**2. Give t(l).
13
Let f(n) = -n**3 + 2*n - 12. Suppose 135 = 40399*q - 40426*q. Calculate f(q).
103
Let u(z) = -z**3 + 19*z**2 - 88*z + 12. Let a be 33/2*((-112)/84)/(-2). Give u(a).
12
Let p(m) be the second derivative of -m**3/2 - 2*m**2 - 50*m. Suppose -3*z + 0*z + 21 = -3*c, -z + 10 = 2*c. Calculate p(z).
-28
Let t be 20158/21 + (-16)/(-168). Let k be 4/(-14) - (t/21)/8. Let l(n) = n**2 + 4*n - 5. Give l(k).
7
Suppose -11 = 14*n + 3. Let c(z) = 2*z + 9*z**2 + 1956*z**3 - 1 - 8*z**2 - 3*z - 1952*z**3. Give c(n).
-3
Suppose 2*w - 9 = -3. Let q(s) be the first derivative of 2/3*s**3 + 14 - 4*s - 1/2*s**2. What is q(w)?
11
Let n(d) be the third derivative of -123*d**2 + 0*d - 5/6*d**3 + 1/24*d**4 + 0. Determine n(7).
2
Let f(w) = w + 2. Let u(c) = 2*c**2 - 7*c + 10. Let g = 24 - 22. Let q be u(g). Determine f(q).
6
Let o(x) be the first derivative of -x**3/6 + 3*x**2/2 - 167*x - 92. Let m(f) be the first derivative of o(f). Calculate m(-1).
4
Let p be 2058/(-168)*8/(-7). Let b(k) = 2*k - 33. What is b(p)?
-5
Let y(x) = 7*x**3 - 23*x**2 + 12*x + 12. Let v(b) = 3*b**3 - 11*b**2 + 6*b + 7. Let q(r) = 5*v(r) - 2*y(r). Determine q(9).
65
Suppose -20*p + 3*m - 57 = -25*p, 2*p - 2*m - 10 = 0. Let h be (-7 + p - 5) + 4. Let z(w) = -6*w**2 + 1. Determine z(h).
-5
Let y be (8 - 2) + 29/(1885/(-650)). Let l be 8/10*(-15)/(-6). Let b(z) = z**2 - l - 5*z - 2*z**2 - z. Determine b(y).
6
Let z(r) = 5*r**2 + r + 1. Let k(a) = a**3 + a + 1. Let t(l) = l**3. Let y(w) = k(w) - 3*t(w). Let s be y(-1). Determine z(s).
23
Let t(h) = -7*h**2 + 16*h - 2. Let q(p) = -p**3 + 8*p**2 + 22*p - 14. Let k be q(10). Let c(f) = 20*f**2 - 47*f + 5. Let a(z) = k*c(z) + 17*t(z). Give a(9).
-13
Let v(w) = -w**2 - 4*w - 4. Let a be (-140 - 82)/((-3)/(-2) + 0). Let t = -152 - a. Give v(t).
-4
Let v = 264 + -145. Let t(z) = -v + 59 + 57 - z. Determine t(8).
-11
Let r(q) be the second derivative of 3*q**5/20 - 7*q**3/6 - 4*q**2 - 35*q - 56. Calculate r(-3).
-68
Suppose 52 = 4*v - 5*c, 18*c + 13 = v + 19*c. Let j(a) = 3*a - 40. Calculate j(v).
-1
Suppose 0 = -63*a + 23*a - 10*a + 400. Let p(s) = 7*s - 8. Give p(a).
48
Let r(u) = -16*u - 158. Let f(x) = -11*x - 99. Let w(i) = -8*f(i) + 5*r(i). Give w(-3).
-22
Let x(d) = d**3 - 6*d**2 - 11*d + 5. Let m(a) = 3*a**2 + 51*a + 1. Let r be m(-17). Suppose 20 = 3*q - r. Give x(q).
-23
Suppose 2*p = 2*x + 12, -4*p + 6*x = 7*x - 4. Let s(q) = 10*q**2 + q + 0*q**2 - p - 6*q**2. What is s(-2)?
12
Let c(a) be the third derivative of -a**6/60 + 17*a**5/60 + 23*a**4/24 - 4064*a**2 + a. Determine c(10).
-70
Let q(m) = 2*m + 3. Let c(g) = -3*g - 8. Let z(l) = -4*c(l) - 11*q(l). Let y(o) = o**2 + 12*o + 20. Let s be y(-13). Let b = s + -30. Give z(b).
-31
Let s(z) = 9*z + 7*z + 10*z - 8 + 8*z - 19*z. Calculate s(3).
37
Let n(h) = -26*h + 12. Let m(r) = 5*r - 2. Let c(l) = -16*m(l) - 3*n(l). Suppose -4 = -3*s + 11. Suppose -2*y + 5*y + s*k = 1, 0 = y + 4*k - 5. Calculate c(y).
2
Let f(z) = -2*z - 30. Let o be f(-17). Suppose 4*a = 8*a - o. Let p = a - 1. Let b(j) = j - 2. Determine b(p).
-2
Let k(l) be the third derivative of 0 - 7/120*l**5 + 0*l - 1/360*l**6 + l**3 - 21*l**2 - 1/24*l**4. Let v(b) be the first derivative of k(b). Give v(-6).
5
Let o(j) = -5*j**2 - 17*j + 23. Let v(b) = -8*b**2 - 35*b + 46. Let s(w) = -5*o(w) + 3*v(w). Give s(19).
4
Let i(o) = 2*o**2 + 11*o + 9. Let q be (3 - 0/1)*8/(-6). Determine i(q).
-3
Suppose 2*j = -5*h + 4*j + 19, 2*j - 26 = -4*h. Let i(r) be the first derivative of -4/3*r**3 - 5 - 2*r**2 - 2*r + 1/4*r**4. What is i(h)?
3
Let d(k) = 4*k - 17. Suppose -q + 19 = 2*q - 2*v, 2*q + 4*v = 34. Let r(t) = -t + 4. Let j(c) = q*r(c) + 2*d(c). Suppose 20 - 8 = -3*s. What is j(s)?
6
Suppose -21*f + 3 - 171 = 0. Let r(x) = x**2 + x + 3. Let s(l) = -3*l + 11. Let p be s(4). Let w(a) = a - 1. Let i(u) = p*r(u) - 6*w(u). Calculate i(f).
-5
Let f(s) = s**2 + s - 1. Let o(u) = u**2 + 8*u + 15. Let p be o(-8). Let r = 16 - p. Let a(l) = 5*l**2 + 7*l - 8. Let v(j) = r*a(j) - 4*f(j). Determine v(-4).
0
Let p(u) = u - 4. Let x = -98 - -103. Suppose -x*a = -7*a + 12. Suppose 3*z + 0 - a = 0. Calculate p(z).
-2
Let v